
4
Let p(s) = 72*s**3 - 3*s**2 + 3*s + 3. Let a(j) = 36*j**3 - j**2 + j + 1. Let h(l) = -5*a(l) + 2*p(l). What is the tens digit of h(-1)?
3
Suppose -5 = -0*o + 3*o - 2*d, 4*d = -5*o - 23. Let i be -1*(4 + o) - -149. Suppose -2*j + i = 2*j. What is the units digit of j?
7
Let t be (82/(-6))/((-1)/(-3)). Let w = -85 + 86. What is the units digit of w/2 + t/(-2)?
1
Let q = -5 - -52. Suppose -380 = -q*i + 42*i. What is the units digit of i?
6
Suppose 0 = -71*z + 80*z - 2529. What is the hundreds digit of z?
2
Let z = -10 + 15. Suppose z*k = 2*k. Suppose -w - 55 = -4*j + 152, 3*w - 15 = k. What is the units digit of j?
3
Let l(h) = 142*h + 3. What is the units digit of l(6)?
5
Suppose -5*g - 4*f = -492, f + 3*f + 8 = 0. What is the hundreds digit of g?
1
Let q be 168/35 + 3/15. Suppose 0 = -2*u + q*s + 158, 4*u - 2*s + 131 = 479. What is the units digit of u?
9
Let f = 1 + 1. Let i be (-2 - -2)*f/(-2). What is the tens digit of -1 + (-29 - i)*-1?
2
Let u = -353 - -232. Let m = u - -179. What is the units digit of m?
8
Let f(z) = -3*z**3 - 4*z**2 + 3*z - 5. Let i = -44 - -40. What is the hundreds digit of f(i)?
1
Let g(l) = 3*l**3 + 21*l**2 - 11*l + 10. What is the hundreds digit of g(7)?
9
Let u(h) = -h**3 - 55*h**2 - 4 - 21*h + 39*h**2 + 0*h**3. What is the tens digit of u(-15)?
8
Let v(p) = p**3 + 9*p**2 - 14*p - 12. Suppose h = -3*h + 68. Suppose -7 = -c - h. What is the units digit of v(c)?
8
Let s(h) = h + 6. Let z be s(-12). Suppose 2*d + 4*o + 52 = 0, -o - 17 = 2*d + 26. Let u = z - d. What is the units digit of u?
4
Let k(v) = -13*v**3 - v**2 + 13*v + 10. What is the units digit of k(-3)?
3
Let u = -333 + 724. What is the units digit of u?
1
Suppose 2*d + 5*u - 31 = 0, -12*d + 9*d = -u - 72. What is the units digit of d?
3
Let i(g) = g**3 - 7*g**2 + 6*g + 6. Let a be -6*1*36/(-8). Suppose 5*m = a + 3. What is the units digit of i(m)?
6
Suppose 0*g = 3*g + k - 27, 2*k + 56 = 5*g. Let o be (1*-3)/((-5)/g). Suppose 3*n + 2*p - 14 = 0, 3*p - 12 = -3*n + o. What is the units digit of n?
2
Suppose -1763 = -7*t + 1709. What is the hundreds digit of (t/10)/(34/10 - 3)?
1
What is the units digit of (6 + 730/(-40))*-124?
9
Suppose 115 = 2*a + 23. Suppose 47*o = a*o - 3. What is the units digit of (26*o)/(-2) - 1?
8
Suppose 0 = h - 33 - 19. Suppose -s - 14 = -5*b + 2*b, -2*s - 5*b + 27 = 0. What is the tens digit of 6*(s + h/12)?
3
Let y be (-2)/(-8) + 0 - 56/(-32). Suppose -2*m - y*u + 5*u = -372, -4 = -2*u. What is the tens digit of m?
8
Suppose 0 = -15*w + 216 + 13269. What is the tens digit of w?
9
Let x(w) = w**2 + 18*w - 1 - 4*w + 0*w**2 - 7*w. What is the units digit of x(6)?
7
Suppose 5*n + 0 = -5. Let h = 4 + n. Suppose -4*o + h*o = -18. What is the units digit of o?
8
Let f = 3137 + -584. What is the hundreds digit of f?
5
Suppose 3*h + 420 = 21. Let n = 233 + h. What is the units digit of n?
0
What is the units digit of (4/(-24))/(7/(-294))?
7
Suppose 0 = 5*r + 4*i - 35, 5*i = 7*r - 5*r + 19. Suppose -r*x - 8 = 1. What is the units digit of 15 - 0 - 3/x?
6
Suppose -v - 16 + 19 = 0. Suppose -v = -f + 3*g, -g = -2*f + 2*g + 21. What is the units digit of f?
8
Let t be (1/(-3))/((-2)/18). Let s be (-501)/(-4) + (-9)/36. Suppose s = t*l + 29. What is the units digit of l?
2
What is the tens digit of (-429)/165*(-10)/(4 - 2)?
1
Suppose 9*l = 13*l. Suppose 0 = -4*i + 4*v - l*v + 64, -3*i + 32 = 5*v. What is the units digit of i?
4
Suppose 2*w + 2*g - 3926 = 0, 5*g + 804 = w - 1129. What is the tens digit of w?
5
Suppose 4*b - 68 = -0*y + 4*y, -5*y = -b + 69. Let p = y + 1. What is the tens digit of ((-39)/6)/(2/p)?
3
Suppose -2*x - z + 1616 = 0, -3*z = -0*x - 5*x + 4040. What is the units digit of x?
8
Let w be 55 - 4 - -2 - -1. What is the units digit of (-1)/6 + 711/w?
3
Let t be (-3 + 2)/((-1)/3). Suppose 3*v = -y + 436, -t*y - 283 - 26 = -2*v. What is the hundreds digit of v?
1
Let j(c) = -c**3 - 6*c**2 - 4*c + 7. Let r be j(-5). Suppose r*z - z = 51. Let h = -27 + z. What is the units digit of h?
4
Let o = -13 + 17. Suppose -4*d = 4*y - 16, 2*y + o*d = 3*d + 6. What is the units digit of 329/(-14)*(0 - y)?
7
Let i(h) = -2*h**3 + 2*h**2 + 11*h - 72. What is the thousands digit of i(-9)?
1
Let x be -1*8/((-16)/42). Let d be (x/35)/(1/45). Suppose -4*o + d = -3*t, 0*t + t = -5*o + 10. What is the units digit of o?
3
Suppose 0 = -2*g - s + 1959, 5*s + 952 = -36*g + 37*g. What is the hundreds digit of g?
9
What is the units digit of ((-648)/30)/(6/(-740))?
4
Let w(l) = l - 11. Let q be w(15). Suppose -4 = q*z - 3*c, -5*z + 3*c + 3 - 5 = 0. What is the units digit of (-2)/8*z*-4?
2
Let n be (10/(-65) - (-60)/52) + -7. Let l be 3/(3/2) - 0. What is the units digit of -141*(l - (-14)/n)?
7
Let r(l) = l**3 + 12*l**2 - 2*l - 22. Let w be r(-12). Suppose 2*p + 5*c = 12, -4*p + 24 = 2*c + w*c. What is the units digit of p?
6
What is the hundreds digit of 303/(-15)*5/(-5)*5?
1
Let h = 44 + -62. Let j(l) = l**2 - 6*l - 4. Let s be j(7). What is the tens digit of s/h + (-532)/(-24)?
2
Suppose 4*m - 4768 - 2408 = 2*j, -2*m - 5*j + 3588 = 0. What is the units digit of m?
4
Let h(u) = 3*u**2 - 8*u + 9. Let t be h(2). Suppose 2*o = 5*k - 932, -20 = -t*o - 0*o. What is the tens digit of k?
8
Let v(y) be the first derivative of -y**3/3 + 7*y**2 + 20*y - 2. Let q be (-2 + 22*1)*(-24)/(-32). What is the units digit of v(q)?
5
Let s(g) = -g**2 - 10*g + 42. Let b be s(-13). Suppose -3*t - 12 = -6*t, b*w - 311 = t. What is the hundreds digit of w?
1
Let r(q) = q**3 - 4*q**2 - q + 6. Let o be r(2). What is the tens digit of (((-72)/(-15))/(-6))/(o/410)?
8
Let u(y) = y**2 - 7*y + 10. Let i be u(4). Let r(c) = 35*c**2 - c + 1. What is the tens digit of r(i)?
4
Suppose 4*g - 5*v - 330 - 4011 = 0, 0 = -v + 3. What is the tens digit of g?
8
Suppose 5*z + 4*s + 5 - 21 = 0, -3*z - 4*s = -16. Suppose 6*j - 29 - 25 = z. What is the units digit of j?
9
What is the tens digit of (12/(-18))/((-4)/30) - -1800?
0
Let k(v) = -v**2 - 10*v - 4. Suppose 0*s + i + 24 = -2*s, 3*s + i = -34. Let b be k(s). What is the units digit of 27 + b + (-21)/(-3)?
0
Let k(x) be the second derivative of 11*x**5/20 - x**4/6 - x**3/6 - x. What is the tens digit of k(2)?
7
Suppose -3*d + 3*t = -2037, -698 - 680 = -2*d - 2*t. What is the units digit of d?
4
What is the tens digit of (135/75)/(3/2990)?
9
What is the tens digit of 77488/36 - 20/45?
5
Suppose 5*g + 225 = 780. Let v = -83 + g. What is the units digit of v?
8
Suppose -6*w - 1209 = -3*k - 7*w, k - w - 403 = 0. What is the tens digit of k?
0
Let z be 2/(-3) + (-62018)/(-66). What is the units digit of z/24 + 3/(-24)?
9
Let r be (-1)/((-3 - -7)/(-8)). Let a = 6 - r. Suppose a*w - 4*k - 5 = 87, 2*w + 3*k = 36. What is the tens digit of w?
2
Suppose 7*f - 740 = 2*f. What is the tens digit of 1/(2 - 292/f)?
3
Let a = 0 - -7. Suppose -a*g = -8*g + 57. What is the tens digit of g?
5
Suppose 4*n - 348 = -4*v, -4*v + 78 = n - 3. Suppose -2*t + 2*r - 65 + 5 = 0, -2*r + n = -3*t. What is the tens digit of (-2)/4*(t - 3)?
1
Let t(j) = -37*j + 1. Let q be 4/10 + 12/(-5). What is the units digit of t(q)?
5
Suppose -4*s + s + 141 = 0. Let i(g) = -2*g + 44. Let j be i(20). Suppose j*k + 105 + s = 4*l, -3*k - 42 = -l. What is the tens digit of l?
3
Suppose 3*i - 4*f = 1 + 17, 0 = -2*i - f + 1. Let n = 611 - 604. Suppose n*g - i*g = 190. What is the tens digit of g?
3
What is the hundreds digit of -3 + (2 - 2/2) - -495?
4
Let y(x) = -7*x**2 - 2*x. Let s(f) = -f**2 + f - 1. Let v(b) = 2*s(b) - y(b). What is the tens digit of v(3)?
5
Let u(g) = -g + 8. Let y be u(4). Let v be y/((-48)/(-15) + -3). What is the units digit of 625/v + 2/(-8)?
1
Let c = 921 + 2920. What is the hundreds digit of c?
8
Let j(o) = -o**3 + 38*o**2 + 5*o + 24. What is the units digit of j(38)?
4
Suppose -2*l - 1 - 3 = 0, 5*l = 2*v - 14. Suppose 3*z = 3*r + 411, 6*z - 262 = 4*z - v*r. What is the units digit of z?
4
Suppose 0 = -7*s + 2*s - 180. What is the units digit of (-53)/(-3) + 24/s?
7
Let z(v) be the first derivative of v**4/4 + 5*v**3/3 + 3*v**2/2 + v - 6. Let g be z(-4). Suppose -2*q + g = -7. What is the units digit of q?
6
Let o be (2/(-9))/(9/(-81)). Suppose -o*t + 80 + 24 = 2*l, -5*l - 22 = -t. What is the units digit of t?
7
Let q = -11 + 11. Suppose -3*n = -q*n - 3*y -